factor of 10 and l?
10
Let t = -6 - -14. What is the highest common divisor of t and 8?
8
Let i = 7 + -2. Let j = 7 - i. Calculate the greatest common factor of j and 4.
2
Let h = -43 + 142. Calculate the highest common divisor of h and 11.
11
Suppose 2*c + 0*c - 14 = 0. What is the highest common divisor of c and 7?
7
Let w = 1 + 14. Calculate the highest common factor of w and 135.
15
Suppose 2*y = 6*y - 448. Calculate the greatest common factor of y and 28.
28
Let v(n) = n - 5. Let c be v(6). Let a be c + 3 - (14 - 50). Suppose 26 = s + s + 3*u, 3*s = 2*u + 26. Calculate the highest common divisor of a and s.
10
Let a = -31 + 44. Calculate the greatest common divisor of 26 and a.
13
Let v(o) = o**2 + o + 1. Let y(k) = 3*k**2 - k - 1. Let j(d) = 2*v(d) + 2*y(d). Let s = -6 - -8. Let t be j(s). Calculate the highest common factor of 4 and t.
4
Suppose 2*a - 4*a + 48 = 0. Suppose -10 - 5 = -5*j. Suppose 6*y - 2*y + j*v - 33 = 0, 2*v = -3*y + a. Calculate the highest common factor of 12 and y.
6
Let u = -13 - -22. Calculate the highest common factor of u and 81.
9
Suppose 2*p + 3*p - 40 = 0. What is the greatest common factor of 64 and p?
8
Suppose -6*j = -4*j - 38. Suppose 2*s - 135 = 207. Calculate the highest common factor of j and s.
19
Let o = -34 - -60. Suppose o = 2*s - 0*s. Suppose -6*v = -271 - 353. Calculate the highest common divisor of v and s.
13
Suppose 5*i - 2*b = 60, -3*b - 9 = -2*i + 4. Calculate the highest common divisor of 35 and i.
7
Let t(i) = i**2 - 3*i + 5. Let q be t(4). Let w(u) = -u**2 - 9*u - 9. Let c be w(-6). Suppose -4*r = -c*r + 90. What is the greatest common factor of q and r?
9
Suppose 0*z - z + 9 = 0. Calculate the highest common divisor of 90 and z.
9
Let s(y) be the first derivative of -y**2/2 + 21*y - 1. Let h be s(11). What is the greatest common factor of h and 25?
5
Let s be 6/(-4)*(8 + -58). Suppose 2*h = s + 213. Calculate the greatest common factor of 18 and h.
18
Suppose -3 = -4*n + 5. Let d be -58 - (0/2 + 0). Let a = n - d. What is the highest common divisor of a and 15?
15
Suppose -16*b + 5*b = -1716. What is the greatest common factor of b and 52?
52
Let n(l) = 2*l**3 + 12*l**2 - 3*l + 12. Let d be n(-6). What is the greatest common divisor of d and 60?
30
Suppose -3*m + j + 1 = -m, 26 = 2*m + 4*j. Let c be 1/m*(20 - 2). Suppose 2*q + c = -3*a, 2*q + 2*a + 20 = 6*q. Calculate the greatest common factor of q and 3.
3
Suppose -5*j = -2*j - 6, -3*j = -4*k + 34. Let q = k + 4. Let c(u) = u**3 - 8*u**2 + 9*u - 7. Let f be c(7). Calculate the highest common divisor of q and f.
7
Suppose 0 = 2*l + 2*l - 156. Let k = l + -65. Let x = 44 + k. Calculate the highest common divisor of x and 45.
9
Let q be 16/6*63/12. Let m(g) = g**3 - 5*g**2 - 6*g + 7. Let w be m(6). What is the highest common divisor of q and w?
7
Suppose -6*f + 9*f - 312 = 0. What is the highest common divisor of f and 26?
26
Let q be (159/4 - (-15)/(-20)) + -4. What is the greatest common factor of 7 and q?
7
Suppose -d = d. Let x(q) be the third derivative of q**4/24 + 9*q**3/2 - 4*q**2. Let l be x(d). Calculate the greatest common divisor of l and 3.
3
Let g(p) = 6*p**2 - 4*p + 2. Let s be g(3). Suppose h = -3*r + s, 2*r - 2*h + 3*h = 30. What is the highest common factor of r and 14?
14
Suppose 4*m = -3*q + 20, 22 = 2*m + 4*q + 2. Suppose m*r - 4*f = -f + 22, 0 = -3*r - f + 11. What is the greatest common divisor of r and 35?
5
Suppose 17 = 2*a - 3*d, -3*a - 16 = a + 4*d. Suppose -5*h - j = -5*j - 1, h = -4*j + 5. What is the highest common divisor of h and a?
1
Let u = 37 + 35. Calculate the greatest common divisor of 18 and u.
18
Let i = -3 - -9. Suppose 0 = i*r - r - 560. What is the highest common factor of 14 and r?
14
Let v be (16/3)/(1/3). Suppose 0*h = -4*h + 3*g + 141, 5*g + 114 = 3*h. Suppose 0 = o - h - 63. Calculate the highest common divisor of v and o.
16
Suppose -2*q = 3*q - 15. Let m(b) = 19*b - 6. Let v be m(q). Calculate the greatest common factor of 17 and v.
17
Let q(k) = 2*k - 2. Let h be q(-3). Let v = h + 28. Calculate the highest common factor of 30 and v.
10
Suppose -3*h = -3*b, -2*h + 10 - 1 = b. Suppose 0 = h*p - 10 - 44. Calculate the greatest common factor of p and 12.
6
Let l(f) = -4*f + 2. Let u be l(-9). Suppose -2*o = 3*i - 173, 0 = 4*i - 3*o - 64 - 161. Calculate the highest common divisor of i and u.
19
Suppose 4*o = 5 - 1. What is the highest common factor of 8 and o?
1
Let b be (-405)/(-11) - (-8)/44. Let f = b + -25. Let w = 95 - -13. What is the highest common divisor of f and w?
12
Let g(w) = w**2 - 4*w - 20. Let d be g(7). Calculate the greatest common divisor of 9 and d.
1
Let z(n) = -n**3 + 12*n**2 - 6*n + 7. Let k be z(7). What is the greatest common divisor of k and 21?
21
Let c be -31*-14*4/8. Let y = -54 + 85. What is the highest common divisor of c and y?
31
Let a be -2 + (-2 + 6)*1. Suppose 0*n - 584 = -4*n + 2*j, a*n + 3*j - 276 = 0. Calculate the greatest common divisor of n and 16.
16
Suppose -6*j + 2*j + 64 = 0. Let g = -18 + 26. Calculate the greatest common factor of j and g.
8
Suppose -318 = -9*f + 294. What is the highest common divisor of 102 and f?
34
Let n be (-2)/(-3) + (-124)/(-12). Suppose -n + 35 = 3*o. Calculate the highest common divisor of 72 and o.
8
Suppose 6*c = 4*c - 4. Let k be ((-19)/(-2))/((-1)/c). What is the greatest common divisor of k and 171?
19
Suppose -33 = -2*w + 1. Suppose -w = -y + 13. What is the greatest common divisor of y and 6?
6
Let p be (-6)/27 - 505/(-45). Let f = p - 7. Let t(c) = c**3 + c**2 + 1. Let i be t(-1). Calculate the highest common divisor of i and f.
1
Let m = -8 + 23. Calculate the highest common divisor of m and 6.
3
Let y be (9/6)/(260/128 + -2). What is the greatest common factor of 6 and y?
6
Let t(w) = w + 11. Let q be t(-5). What is the highest common factor of q and 48?
6
Let v be (128/10)/(4/20). What is the greatest common divisor of v and 16?
16
Let s(d) = d**2 - 5*d + 4. Let q be s(7). Let r = 331 + -187. What is the greatest common factor of r and q?
18
Let k(y) be the first derivative of -y**2 - 4*y - 3. Let t be k(-6). Let x be (33/(-15) + -1)*-5. Calculate the greatest common factor of t and x.
8
Let w = -4 + 6. Suppose -w + 20 = 2*s. Calculate the highest common factor of s and 99.
9
Let x = 18 - -5. What is the highest common divisor of 46 and x?
23
Let d be ((-2)/5)/(1/(-10)). Let g = -11 - -15. Calculate the greatest common factor of d and g.
4
Let u = 18 - 3. What is the highest common divisor of u and 3?
3
Let v(o) = o**2 - 3*o + 2. Let m be v(4). What is the highest common divisor of m and 36?
6
Let l be -2 - 7/(-3) - 611/(-39). Calculate the greatest common divisor of 40 and l.
8
Suppose 3 = o - 2. Let f be (o + -2 + -2)/(-1). Let b be (f/2)/(5/(-20)). Calculate the greatest common divisor of b and 12.
2
Suppose -14*k = -7*k - 28. Calculate the greatest common divisor of 60 and k.
4
Let i(k) = -k**2 - k. Let y be i(-3). Let q(g) = -2*g**2 - 7*g - 6. Let z be q(y). Let h be -2 + 7/((-21)/z). What is the greatest common divisor of 10 and h?
10
Let v be -15*(2 - (-28)/(-6)). Calculate the highest common divisor of v and 20.
20
Let m(x) = -2*x**3 + 11*x**2 + 8*x - 3. Let o be m(6). Calculate the highest common factor of o and 36.
9
Suppose -3*x - 3 = -2*x, 0 = 2*a + 2*x - 16. Suppose 5*l = 3*l. Suppose 66 = -l*t + 3*t. What is the highest common divisor of t and a?
11
Suppose -g - 3*g = -40. Suppose 2*k + g = 0, 4*s + 4*k - 22 = 6*k. Let v be 55 + (-6)/2 + s. Calculate the greatest common divisor of v and 5.
5
Suppose -5*k = -3*s - 75, -74 = -3*k + 2*s - 6*s. Let l be 4/(-6) - 16/(-6). Let x be l/5*5/1. What is the greatest common factor of k and x?
2
Suppose 2*r = -5*p - 0*r + 6, -5*p = -r - 12. Let z be -16*((-22)/(-8) - 2). Let q = -10 - z. What is the greatest common factor of q and p?
2
Let x(w) = -7 + 7*w - 3 + 3. Let j be x(5). Suppose 5*m - 4 - 16 = 0. Calculate the greatest common divisor of m and j.
4
Let h(u) = u**3 + 4*u**2 - 8*u - 7. Let f be h(-5). What is the highest common divisor of f and 1?
1
Suppose 2*g - 210 = -g. Calculate the greatest common factor of g and 28.
14
Let k be (39/6)/(5/40*4). Calculate the greatest common factor of k and 65.
13
Let y be (-6)/21 - (-24)/(-14). Let r be y/(-